{"id":215,"date":"2020-03-03T07:22:15","date_gmt":"2020-03-03T06:22:15","guid":{"rendered":"https:\/\/xn--uasnuevomundo-ikb.cl\/wp\/?page_id=215"},"modified":"2024-04-19T19:20:04","modified_gmt":"2024-04-20T00:20:04","slug":"blog","status":"publish","type":"page","link":"https:\/\/xn--uasnuevomundo-ikb.cl\/?page_id=215","title":{"rendered":"Nuestras productos y marcas"},"content":{"rendered":"\t\t<div data-elementor-type=\"wp-page\" data-elementor-id=\"215\" class=\"elementor elementor-215\">\n\t\t\t\t\t\t<section class=\"elementor-section elementor-top-section elementor-element elementor-element-55c5a9a elementor-section-full_width elementor-section-height-default elementor-section-height-default\" data-id=\"55c5a9a\" data-element_type=\"section\" data-e-type=\"section\">\n\t\t\t\t\t\t<div class=\"elementor-container elementor-column-gap-default\">\n\t\t\t\t\t<div class=\"aux-parallax-section elementor-column elementor-col-100 elementor-top-column elementor-element elementor-element-a6d650a\" data-id=\"a6d650a\" data-element_type=\"column\" data-e-type=\"column\">\n\t\t\t<div class=\"elementor-widget-wrap elementor-element-populated\">\n\t\t\t\t\t\t<div class=\"elementor-element elementor-element-e1d88e0 elementor-widget elementor-widget-heading\" data-id=\"e1d88e0\" data-element_type=\"widget\" data-e-type=\"widget\" data-widget_type=\"heading.default\">\n\t\t\t\t<div class=\"elementor-widget-container\">\n\t\t\t\t\t<h3 class=\"elementor-heading-title elementor-size-default\"><span style=\"font-size: 38.0038px\">Nuestros Productos<\/span><\/h3>\t\t\t\t<\/div>\n\t\t\t\t<\/div>\n\t\t\t\t\t<\/div>\n\t\t<\/div>\n\t\t\t\t\t<\/div>\n\t\t<\/section>\n\t\t\t\t<section class=\"elementor-section elementor-top-section elementor-element elementor-element-6b17330 elementor-section-full_width elementor-reverse-tablet elementor-reverse-mobile elementor-section-height-default elementor-section-height-default\" data-id=\"6b17330\" data-element_type=\"section\" data-e-type=\"section\" data-settings=\"{&quot;background_background&quot;:&quot;gradient&quot;}\">\n\t\t\t\t\t\t<div class=\"elementor-container elementor-column-gap-default\">\n\t\t\t\t\t<div class=\"aux-parallax-section elementor-column elementor-col-100 elementor-top-column elementor-element elementor-element-3d4a1fa\" data-id=\"3d4a1fa\" data-element_type=\"column\" data-e-type=\"column\">\n\t\t\t<div class=\"elementor-widget-wrap elementor-element-populated\">\n\t\t\t\t\t\t<div class=\"elementor-element elementor-element-0e74e80 elementor-widget elementor-widget-heading\" data-id=\"0e74e80\" data-element_type=\"widget\" data-e-type=\"widget\" data-widget_type=\"heading.default\">\n\t\t\t\t<div class=\"elementor-widget-container\">\n\t\t\t\t\t<h2 class=\"elementor-heading-title elementor-size-default\">Bluesky<\/h2>\t\t\t\t<\/div>\n\t\t\t\t<\/div>\n\t\t\t\t<div class=\"elementor-element elementor-element-463a542 elementor-widget elementor-widget-text-editor\" data-id=\"463a542\" data-element_type=\"widget\" data-e-type=\"widget\" data-widget_type=\"text-editor.default\">\n\t\t\t\t<div class=\"elementor-widget-container\">\n\t\t\t\t\t\t\t\t\t<p style=\"text-align: center;\">Bluesky es una marca global de belleza que dise\u00f1a, produce y distribuye productos para u\u00f1as en m\u00e1s de 67 pa\u00edses. Con m\u00e1s de 1000 colores de esmalte, nuestra dedicaci\u00f3n es la innovaci\u00f3n, calidad y seguridad, estableciendo una marca l\u00edder en la industria y satisfaciendo en todo el mundo las necesidades de los amantes de las u\u00f1as. Certificado por organizaciones internacionales por su f\u00f3rmula natural, sin olor, formaldeh\u00eddo, mercurio o plomo. Bluesky es un orgulloso contribuyente a la evoluci\u00f3n global de la belleza.<\/p><h4 style=\"text-align: center;\">Certificado de seguridad<\/h4><p style=\"text-align: center;\">Comprometidos con ofrecer los mejores productos a nuestros clientes, BLUESKY cuenta con certificaci\u00f3n total tanto para sus productos como para sus procesos e instalaciones productivas.\u00a0Cumplimos con las regulaciones de la UE y tenemos MSDS para todos nuestros productos.\u00a0Nuestros productos est\u00e1n certificados como cosm\u00e9tica Halal y Cruelty-free.\u00a0Hemos obtenido CPSR y CPSA de INTERTEK.\u00a0Nuestros productos han sido registrados en CPNP y nuestras f\u00e1bricas cuentan con certificados GMP de SGS.<\/p><p style=\"text-align: center;\"><img fetchpriority=\"high\" decoding=\"async\" class=\"alignnone wp-image-913 size-full aligncenter\" src=\"http:\/\/xn--uasnuevomundo-ikb.cl\/wp-content\/uploads\/2024\/04\/Captura5.jpg\" alt=\"\" width=\"888\" height=\"213\" srcset=\"https:\/\/xn--uasnuevomundo-ikb.cl\/wp-content\/uploads\/2024\/04\/Captura5.jpg 888w, https:\/\/xn--uasnuevomundo-ikb.cl\/wp-content\/uploads\/2024\/04\/Captura5-200x48.jpg 200w\" sizes=\"(max-width: 888px) 100vw, 888px\" \/><\/p>\t\t\t\t\t\t\t\t<\/div>\n\t\t\t\t<\/div>\n\t\t\t\t<section class=\"elementor-section elementor-inner-section elementor-element elementor-element-fc67c5a elementor-section-boxed elementor-section-height-default elementor-section-height-default\" data-id=\"fc67c5a\" data-element_type=\"section\" data-e-type=\"section\">\n\t\t\t\t\t\t<div class=\"elementor-container elementor-column-gap-default\">\n\t\t\t\t\t<div class=\"aux-parallax-section elementor-column elementor-col-50 elementor-inner-column elementor-element elementor-element-e99b880\" data-id=\"e99b880\" data-element_type=\"column\" data-e-type=\"column\">\n\t\t\t<div class=\"elementor-widget-wrap elementor-element-populated\">\n\t\t\t\t\t\t<div class=\"elementor-element elementor-element-17f72bf elementor-widget elementor-widget-image\" data-id=\"17f72bf\" data-element_type=\"widget\" data-e-type=\"widget\" data-widget_type=\"image.default\">\n\t\t\t\t<div class=\"elementor-widget-container\">\n\t\t\t\t\t\t\t\t\t\t\t\t\t\t\t<img decoding=\"async\" width=\"1024\" height=\"1024\" src=\"https:\/\/xn--uasnuevomundo-ikb.cl\/wp-content\/uploads\/2024\/04\/1702862667662-1-1024x1024.jpg\" class=\"attachment-large size-large wp-image-911\" alt=\"\" srcset=\"https:\/\/xn--uasnuevomundo-ikb.cl\/wp-content\/uploads\/2024\/04\/1702862667662-1-1024x1024.jpg 1024w, https:\/\/xn--uasnuevomundo-ikb.cl\/wp-content\/uploads\/2024\/04\/1702862667662-1-300x300.jpg 300w, https:\/\/xn--uasnuevomundo-ikb.cl\/wp-content\/uploads\/2024\/04\/1702862667662-1-150x150.jpg 150w, https:\/\/xn--uasnuevomundo-ikb.cl\/wp-content\/uploads\/2024\/04\/1702862667662-1-768x768.jpg 768w\" sizes=\"(max-width: 1024px) 100vw, 1024px\" \/>\t\t\t\t\t\t\t\t\t\t\t\t\t\t\t<\/div>\n\t\t\t\t<\/div>\n\t\t\t\t\t<\/div>\n\t\t<\/div>\n\t\t\t\t<div class=\"aux-parallax-section elementor-column elementor-col-50 elementor-inner-column elementor-element elementor-element-27f6aa0\" data-id=\"27f6aa0\" data-element_type=\"column\" data-e-type=\"column\">\n\t\t\t<div class=\"elementor-widget-wrap elementor-element-populated\">\n\t\t\t\t\t\t<div class=\"elementor-element elementor-element-b2615f1 elementor-widget__width-inherit elementor-widget elementor-widget-image\" data-id=\"b2615f1\" data-element_type=\"widget\" data-e-type=\"widget\" data-widget_type=\"image.default\">\n\t\t\t\t<div class=\"elementor-widget-container\">\n\t\t\t\t\t\t\t\t\t\t\t\t\t\t\t<img decoding=\"async\" src=\"https:\/\/xn--uasnuevomundo-ikb.cl\/wp-content\/uploads\/2024\/04\/starter-kit-10ml_neewwstart.jpg\" title=\"starter-kit-10ml_neewwstart\" alt=\"starter-kit-10ml_neewwstart\" loading=\"lazy\" \/>\t\t\t\t\t\t\t\t\t\t\t\t\t\t\t<\/div>\n\t\t\t\t<\/div>\n\t\t\t\t\t<\/div>\n\t\t<\/div>\n\t\t\t\t\t<\/div>\n\t\t<\/section>\n\t\t\t\t\t<\/div>\n\t\t<\/div>\n\t\t\t\t\t<\/div>\n\t\t<\/section>\n\t\t\t\t<section class=\"elementor-section elementor-top-section elementor-element elementor-element-b477144 elementor-section-full_width elementor-reverse-tablet elementor-reverse-mobile elementor-section-height-default elementor-section-height-default\" data-id=\"b477144\" data-element_type=\"section\" data-e-type=\"section\" data-settings=\"{&quot;background_background&quot;:&quot;gradient&quot;}\">\n\t\t\t\t\t\t<div class=\"elementor-container elementor-column-gap-default\">\n\t\t\t\t\t<div class=\"aux-parallax-section elementor-column elementor-col-100 elementor-top-column elementor-element elementor-element-82e8432\" data-id=\"82e8432\" data-element_type=\"column\" data-e-type=\"column\">\n\t\t\t<div class=\"elementor-widget-wrap elementor-element-populated\">\n\t\t\t\t\t\t<div class=\"elementor-element elementor-element-10e9284 elementor-widget elementor-widget-heading\" data-id=\"10e9284\" data-element_type=\"widget\" data-e-type=\"widget\" data-widget_type=\"heading.default\">\n\t\t\t\t<div class=\"elementor-widget-container\">\n\t\t\t\t\t<h2 class=\"elementor-heading-title elementor-size-default\">Organic Nails<br><\/h2>\t\t\t\t<\/div>\n\t\t\t\t<\/div>\n\t\t\t\t<div class=\"elementor-element elementor-element-9546b20 elementor-widget elementor-widget-text-editor\" data-id=\"9546b20\" data-element_type=\"widget\" data-e-type=\"widget\" data-widget_type=\"text-editor.default\">\n\t\t\t\t<div class=\"elementor-widget-container\">\n\t\t\t\t\t\t\t\t\t<p style=\"text-align: center;\">Marca mexicana l\u00edder en productos para la aplicaci\u00f3n de u\u00f1as<\/p><p style=\"text-align: center;\">Con m\u00e1s de 25 a\u00f1os de experiencia en la industria del cuidado y embellecimiento de manos y pies, Organic Nails es parte de los l\u00edderes del mercado con un excelente soporte educativo, productos de calidad e innovaci\u00f3n y el compromiso.<\/p>\t\t\t\t\t\t\t\t<\/div>\n\t\t\t\t<\/div>\n\t\t\t\t<section class=\"elementor-section elementor-inner-section elementor-element elementor-element-f6f116e elementor-section-boxed elementor-section-height-default elementor-section-height-default\" data-id=\"f6f116e\" data-element_type=\"section\" data-e-type=\"section\">\n\t\t\t\t\t\t<div class=\"elementor-container elementor-column-gap-default\">\n\t\t\t\t\t<div class=\"aux-parallax-section elementor-column elementor-col-50 elementor-inner-column elementor-element elementor-element-5d5aea7\" data-id=\"5d5aea7\" data-element_type=\"column\" data-e-type=\"column\">\n\t\t\t<div class=\"elementor-widget-wrap elementor-element-populated\">\n\t\t\t\t\t\t<div class=\"elementor-element elementor-element-0ed4934 elementor-widget elementor-widget-image\" data-id=\"0ed4934\" data-element_type=\"widget\" data-e-type=\"widget\" data-widget_type=\"image.default\">\n\t\t\t\t<div class=\"elementor-widget-container\">\n\t\t\t\t\t\t\t\t\t\t\t\t\t\t\t<img decoding=\"async\" width=\"1024\" height=\"1024\" src=\"https:\/\/xn--uasnuevomundo-ikb.cl\/wp-content\/uploads\/2024\/04\/139498520_3949423228404134_4772868846581417282_n-1024x1024.jpg\" class=\"attachment-large size-large wp-image-898\" alt=\"\" srcset=\"https:\/\/xn--uasnuevomundo-ikb.cl\/wp-content\/uploads\/2024\/04\/139498520_3949423228404134_4772868846581417282_n-1024x1024.jpg 1024w, https:\/\/xn--uasnuevomundo-ikb.cl\/wp-content\/uploads\/2024\/04\/139498520_3949423228404134_4772868846581417282_n-300x300.jpg 300w, https:\/\/xn--uasnuevomundo-ikb.cl\/wp-content\/uploads\/2024\/04\/139498520_3949423228404134_4772868846581417282_n-150x150.jpg 150w, https:\/\/xn--uasnuevomundo-ikb.cl\/wp-content\/uploads\/2024\/04\/139498520_3949423228404134_4772868846581417282_n-768x768.jpg 768w, https:\/\/xn--uasnuevomundo-ikb.cl\/wp-content\/uploads\/2024\/04\/139498520_3949423228404134_4772868846581417282_n-200x200.jpg 200w, https:\/\/xn--uasnuevomundo-ikb.cl\/wp-content\/uploads\/2024\/04\/139498520_3949423228404134_4772868846581417282_n.jpg 1280w\" sizes=\"(max-width: 1024px) 100vw, 1024px\" \/>\t\t\t\t\t\t\t\t\t\t\t\t\t\t\t<\/div>\n\t\t\t\t<\/div>\n\t\t\t\t\t<\/div>\n\t\t<\/div>\n\t\t\t\t<div class=\"aux-parallax-section elementor-column elementor-col-50 elementor-inner-column elementor-element elementor-element-d9857b1\" data-id=\"d9857b1\" data-element_type=\"column\" data-e-type=\"column\">\n\t\t\t<div class=\"elementor-widget-wrap elementor-element-populated\">\n\t\t\t\t\t\t<div class=\"elementor-element elementor-element-757d4d4 elementor-widget elementor-widget-image\" data-id=\"757d4d4\" data-element_type=\"widget\" data-e-type=\"widget\" data-widget_type=\"image.default\">\n\t\t\t\t<div class=\"elementor-widget-container\">\n\t\t\t\t\t\t\t\t\t\t\t\t\t\t\t<img loading=\"lazy\" decoding=\"async\" width=\"800\" height=\"800\" src=\"https:\/\/xn--uasnuevomundo-ikb.cl\/wp-content\/uploads\/2024\/04\/29497356_1467747763348414_2464998296586813440_n.jpg\" class=\"attachment-large size-large wp-image-897\" alt=\"\" srcset=\"https:\/\/xn--uasnuevomundo-ikb.cl\/wp-content\/uploads\/2024\/04\/29497356_1467747763348414_2464998296586813440_n.jpg 800w, https:\/\/xn--uasnuevomundo-ikb.cl\/wp-content\/uploads\/2024\/04\/29497356_1467747763348414_2464998296586813440_n-300x300.jpg 300w, https:\/\/xn--uasnuevomundo-ikb.cl\/wp-content\/uploads\/2024\/04\/29497356_1467747763348414_2464998296586813440_n-150x150.jpg 150w, https:\/\/xn--uasnuevomundo-ikb.cl\/wp-content\/uploads\/2024\/04\/29497356_1467747763348414_2464998296586813440_n-768x768.jpg 768w, https:\/\/xn--uasnuevomundo-ikb.cl\/wp-content\/uploads\/2024\/04\/29497356_1467747763348414_2464998296586813440_n-200x200.jpg 200w\" sizes=\"(max-width: 800px) 100vw, 800px\" \/>\t\t\t\t\t\t\t\t\t\t\t\t\t\t\t<\/div>\n\t\t\t\t<\/div>\n\t\t\t\t\t<\/div>\n\t\t<\/div>\n\t\t\t\t\t<\/div>\n\t\t<\/section>\n\t\t\t\t\t<\/div>\n\t\t<\/div>\n\t\t\t\t\t<\/div>\n\t\t<\/section>\n\t\t\t\t<section class=\"elementor-section elementor-top-section elementor-element elementor-element-3255396 elementor-section-boxed elementor-section-height-default elementor-section-height-default\" data-id=\"3255396\" data-element_type=\"section\" data-e-type=\"section\">\n\t\t\t\t\t\t<div class=\"elementor-container elementor-column-gap-default\">\n\t\t\t\t\t<div class=\"aux-parallax-section elementor-column elementor-col-100 elementor-top-column elementor-element elementor-element-9a9a2d0\" data-id=\"9a9a2d0\" data-element_type=\"column\" data-e-type=\"column\">\n\t\t\t<div class=\"elementor-widget-wrap elementor-element-populated\">\n\t\t\t\t\t\t<div class=\"elementor-element elementor-element-cd217ec elementor-widget elementor-widget-heading\" data-id=\"cd217ec\" data-element_type=\"widget\" data-e-type=\"widget\" data-widget_type=\"heading.default\">\n\t\t\t\t<div class=\"elementor-widget-container\">\n\t\t\t\t\t<h2 class=\"elementor-heading-title elementor-size-default\"><br>IBX system<\/h2>\t\t\t\t<\/div>\n\t\t\t\t<\/div>\n\t\t\t\t<div class=\"elementor-element elementor-element-d583e70 elementor-widget elementor-widget-text-editor\" data-id=\"d583e70\" data-element_type=\"widget\" data-e-type=\"widget\" data-widget_type=\"text-editor.default\">\n\t\t\t\t<div class=\"elementor-widget-container\">\n\t\t\t\t\t\t\t\t\t<p><img loading=\"lazy\" decoding=\"async\" class=\"aligncenter wp-image-881 size-full\" src=\"http:\/\/xn--uasnuevomundo-ikb.cl\/wp-content\/uploads\/2024\/04\/IBX_LineUp-1024x512-1.jpg\" alt=\"\" width=\"1024\" height=\"512\" srcset=\"https:\/\/xn--uasnuevomundo-ikb.cl\/wp-content\/uploads\/2024\/04\/IBX_LineUp-1024x512-1.jpg 1024w, https:\/\/xn--uasnuevomundo-ikb.cl\/wp-content\/uploads\/2024\/04\/IBX_LineUp-1024x512-1-200x100.jpg 200w\" sizes=\"(max-width: 1024px) 100vw, 1024px\" \/><\/p><p style=\"text-align: center;\">IBX System es un tratamiento profesional para reparar las u\u00f1as que act\u00faa sobre u\u00f1as m\u00e1s da\u00f1adas, deslaminadas, rotas\u2026 Adem\u00e1s, permite que la u\u00f1a se esmalte sobre el tratamiento.<\/p><p class=\"p1\" style=\"text-align: center;\"><span class=\"s1\"><strong>\u00bfQu\u00e9 consigue <a href=\"https:\/\/tienda.tevian.com\/resultado-busqueda.html?seps=ibx\">IBX System<\/a>\u00a0que no hab\u00edamos visto hasta el momento?<\/strong> <\/span><\/p><p class=\"p1\" style=\"text-align: center;\"><span class=\"s1\">Y su respuesta es clara:<\/span><\/p><p class=\"p1\" style=\"text-align: center;\"><span class=\"s1\">Lograr que las u\u00f1as decapadas, deslaminadas o que les cuesta mucho crecer puedan:<\/span><\/p><ol class=\"ol1\" style=\"text-align: center;\"><li class=\"li1\"><span class=\"s1\"><strong>Ser reparadas<\/strong>\u00a0y permitir su crecimiento<\/span><\/li><li class=\"li1\"><span class=\"s1\"><strong>Fortalecer las u\u00f1as blandas<\/strong>\u00a0para evitar que se doblen<\/span><\/li><li class=\"li1\"><span class=\"s1\"><strong>Rellenar los huecos<\/strong>\u00a0a lo largo del tiempo<\/span><\/li><\/ol><p class=\"p1\" style=\"text-align: center;\"><span class=\"s1\">Protege la placa de la u\u00f1a durante el proceso de retirada de esmalte, semipermanente o gel<\/span><\/p><p class=\"p1\" style=\"text-align: center;\"><span class=\"s1\">En definitiva,\u00a0<strong>IBX mejora a largo plazo la u\u00f1a natural.<\/strong><\/span><\/p><p style=\"text-align: center;\">Pero, \u00bfc\u00f3mo consigue IBX System estos maravillosos resultados?<\/p><p class=\"p1\" style=\"text-align: center;\"><span class=\"s1\">Se trata de<span class=\"Apple-converted-space\">\u00a0\u00a0<\/span>un sistema de mon\u00f3meros que act\u00faa en el interior de la u\u00f1a aplic\u00e1ndose en la superficie de \u00e9sta como un esmalte penetrando en las capas superiores de la placa de la u\u00f1a con la ayuda de calor suav<\/span><span class=\"s1\">e <\/span><span class=\"s1\">formando una Red de Pol\u00edmeros Interpenetrantes (RPI) que se enlazan entre s\u00ed provocando que la queratina de la u\u00f1a se fortalezca y a la vez contribuye a su\u00a0<\/span><span class=\"s1\">flexibilidad.<\/span><\/p><p class=\"p1\" style=\"text-align: center;\"><span class=\"s1\">As\u00ed,\u00a0<strong>IBX se convierte en algo permanente en la u\u00f1a<\/strong>\u00a0por lo que\u00a0<strong>los disolventes no lo eliminan.<\/strong><\/span><\/p><p class=\"p1\" style=\"text-align: center;\"><span class=\"s1\">Es como a\u00f1adir una red de seguridad que prevendr\u00e1 a la u\u00f1a de posibles problemas por lo que puede usarse como un tratamiento a largo plazo para mantener las u\u00f1as fuertes y flexibles.<\/span><\/p>\t\t\t\t\t\t\t\t<\/div>\n\t\t\t\t<\/div>\n\t\t\t\t\t<\/div>\n\t\t<\/div>\n\t\t\t\t\t<\/div>\n\t\t<\/section>\n\t\t\t\t<\/div>\n\t\t","protected":false},"excerpt":{"rendered":"<p>Nuestros Productos Bluesky Bluesky es una marca global de belleza que dise\u00f1a, produce y distribuye productos para u\u00f1as en m\u00e1s de 67 pa\u00edses. Con m\u00e1s de 1000 colores de esmalte, nuestra dedicaci\u00f3n es la innovaci\u00f3n, calidad y seguridad, estableciendo una marca l\u00edder en la industria y satisfaciendo en todo el mundo las necesidades de los [&hellip;]<\/p>\n","protected":false},"author":1,"featured_media":0,"parent":0,"menu_order":0,"comment_status":"closed","ping_status":"closed","template":"templates\/page-builder-content.php","meta":{"footnotes":""},"class_list":["post-215","page","type-page","status-publish","hentry"],"_links":{"self":[{"href":"https:\/\/xn--uasnuevomundo-ikb.cl\/index.php?rest_route=\/wp\/v2\/pages\/215","targetHints":{"allow":["GET"]}}],"collection":[{"href":"https:\/\/xn--uasnuevomundo-ikb.cl\/index.php?rest_route=\/wp\/v2\/pages"}],"about":[{"href":"https:\/\/xn--uasnuevomundo-ikb.cl\/index.php?rest_route=\/wp\/v2\/types\/page"}],"author":[{"embeddable":true,"href":"https:\/\/xn--uasnuevomundo-ikb.cl\/index.php?rest_route=\/wp\/v2\/users\/1"}],"replies":[{"embeddable":true,"href":"https:\/\/xn--uasnuevomundo-ikb.cl\/index.php?rest_route=%2Fwp%2Fv2%2Fcomments&post=215"}],"version-history":[{"count":27,"href":"https:\/\/xn--uasnuevomundo-ikb.cl\/index.php?rest_route=\/wp\/v2\/pages\/215\/revisions"}],"predecessor-version":[{"id":925,"href":"https:\/\/xn--uasnuevomundo-ikb.cl\/index.php?rest_route=\/wp\/v2\/pages\/215\/revisions\/925"}],"wp:attachment":[{"href":"https:\/\/xn--uasnuevomundo-ikb.cl\/index.php?rest_route=%2Fwp%2Fv2%2Fmedia&parent=215"}],"curies":[{"name":"wp","href":"https:\/\/api.w.org\/{rel}","templated":true}]}}