{"id":216,"date":"2020-03-03T07:21:51","date_gmt":"2020-03-03T06:21:51","guid":{"rendered":"https:\/\/xn--uasnuevomundo-ikb.cl\/wp\/?page_id=216"},"modified":"2023-12-19T15:04:57","modified_gmt":"2023-12-19T21:04:57","slug":"quienes-somos","status":"publish","type":"page","link":"https:\/\/xn--uasnuevomundo-ikb.cl\/?page_id=216","title":{"rendered":"Quienes Somos"},"content":{"rendered":"\t\t<div data-elementor-type=\"wp-page\" data-elementor-id=\"216\" class=\"elementor elementor-216\">\n\t\t\t\t\t\t<section class=\"elementor-section elementor-top-section elementor-element elementor-element-462e974 elementor-reverse-tablet elementor-reverse-mobile elementor-section-boxed elementor-section-height-default elementor-section-height-default\" data-id=\"462e974\" data-element_type=\"section\" data-e-type=\"section\">\n\t\t\t\t\t\t<div class=\"elementor-container elementor-column-gap-default\">\n\t\t\t\t\t<div class=\"aux-parallax-section elementor-column elementor-col-50 elementor-top-column elementor-element elementor-element-7aab943\" data-id=\"7aab943\" data-element_type=\"column\" data-e-type=\"column\">\n\t\t\t<div class=\"elementor-widget-wrap elementor-element-populated\">\n\t\t\t\t\t\t<div class=\"elementor-element elementor-element-ed02dcb aux-appear-watch-animation aux-fade-in-up elementor-widget elementor-widget-aux_modern_heading\" data-id=\"ed02dcb\" data-element_type=\"widget\" data-e-type=\"widget\" data-widget_type=\"aux_modern_heading.default\">\n\t\t\t\t<div class=\"elementor-widget-container\">\n\t\t\t\t\t<section class=\"aux-widget-modern-heading\">\n            <div class=\"aux-widget-inner\"><h2 class=\"aux-modern-heading-primary\">U\u00d1AS NUEVO MUNDO<\/h2><h3 class=\"aux-modern-heading-secondary\"><span class=\"aux-head-before\">Nails Shinsekai<\/span><\/h3><div class=\"aux-modern-heading-description\"><p>Sal\u00f3n de Manicure Nuevo Mundo nace por la necesidad de ofrecer un servicio de alta calidad a la comunidad. Queremos satisfacer las demandas de nuestros clientes, proporcionando un espacio acogedor y profesional donde puedan disfrutar de servicios de manicura excepcionales. En nuestro sal\u00f3n, nos esforzamos por crear un ambiente relajante y agradable, mientras nos enfocamos en la excelencia en cada detalle. \u00a1Bienvenidos al Nuevo Mundo de la belleza y el cuidado de las u\u00f1as!<\/p><\/div><\/div>\n        <\/section>\t\t\t\t<\/div>\n\t\t\t\t<\/div>\n\t\t\t\t<div class=\"elementor-element elementor-element-b7330ce aux-appear-watch-animation aux-fade-in-up elementor-widget elementor-widget-aux_modern_heading\" data-id=\"b7330ce\" data-element_type=\"widget\" data-e-type=\"widget\" data-widget_type=\"aux_modern_heading.default\">\n\t\t\t\t<div class=\"elementor-widget-container\">\n\t\t\t\t\t<section class=\"aux-widget-modern-heading\">\n            <div class=\"aux-widget-inner\"><h2 class=\"aux-modern-heading-primary\">Cada cliente es importante para nosotros. Atender tus manos y pies de buena manera es nuestra principal prioridad. En nuestro sal\u00f3n, nos dedicamos a ofrecer un servicio personalizado y de calidad para realzar la belleza y cuidado de tus u\u00f1itas. Valoramos tu confianza y nos esforzamos por brindar una experiencia \u00fanica en cada visita. \u00a1Tu satisfacci\u00f3n es nuestro compromiso!<\/h2><div class=\"aux-modern-heading-description\"><p>Cada momento es una tranquilidad y cada persona tiene una historia que contar con sus manos. En nuestro sal\u00f3n, apreciamos la singularidad de cada cliente y entendemos que tus manos cuentan tu propia narrativa.<\/p><p>Perm\u00edtenos que cada visita sea una experiencia \u00fanica, donde tu historia y belleza personal se reflejen en el cuidado que brindamos. \u00a1Te invitamos a compartir esos preciosos momentos con nosotros en el Sal\u00f3n de Manicure Nuevo Mundo!<\/p><\/div><\/div>\n        <\/section>\t\t\t\t<\/div>\n\t\t\t\t<\/div>\n\t\t\t\t<div class=\"elementor-element elementor-element-f465336 elementor-widget__width-auto elementor-hidden-phone aux-appear-watch-animation aux-mask-from-left elementor-widget elementor-widget-aux_image\" data-id=\"f465336\" data-element_type=\"widget\" data-e-type=\"widget\" data-widget_type=\"aux_image.default\">\n\t\t\t\t<div class=\"elementor-widget-container\">\n\t\t\t\t\t<section class=\"widget-container aux-widget-image aux-alignnone aux-parent-au02e80e0d\">\n    <div class=\"aux-media-hint-frame \">\n        <div class=\"aux-media-image \" >\n        \n            \n\n            \n            <img fetchpriority=\"high\" decoding=\"async\" width=\"292\" height=\"292\" src=\"https:\/\/xn--uasnuevomundo-ikb.cl\/wp-content\/uploads\/2023\/12\/cropped-cropped-SHINSEKAI-02-1-1-1-40x40.png\" class=\"aux-attachment aux-featured-image aux-attachment-id-390 aux-preload aux-has-preview\" alt=\"SHINSEKAI-02\" data-ratio=\"1\" data-original-w=\"292\" data-src=\"https:\/\/xn--uasnuevomundo-ikb.cl\/wp-content\/uploads\/2023\/12\/cropped-cropped-SHINSEKAI-02-1-1-1.png\" \/>            \n                <\/div>\n    <\/div>\n\n<\/section><!-- widget-container -->\t\t\t\t<\/div>\n\t\t\t\t<\/div>\n\t\t\t\t<div class=\"elementor-element elementor-element-f089ef1 elementor-hidden-tablet elementor-hidden-phone aux-appear-watch-animation aux-fade-in-left-1 elementor-widget elementor-widget-aux_simple_svg\" data-id=\"f089ef1\" data-element_type=\"widget\" data-e-type=\"widget\" data-widget_type=\"aux_simple_svg.default\">\n\t\t\t\t<div class=\"elementor-widget-container\">\n\t\t\t\t\t    <div class=\"aux-widget-container aux-simple-svg-container\">\n        <div class=\"aux-widget-container-inner\">\n            <div class=\"aux-the-svg\"> <svg width=\"596\" height=\"786\">\n  <rect x=\"0\" y=\"0\" rx=\"0\" ry=\"0\" width=\"596\" height=\"786\" style=\"fill:#f6f6f6;opacity:1\" \/>\n<\/svg> <\/div>\n        <\/div>\n    <\/div>\n    \t\t\t\t<\/div>\n\t\t\t\t<\/div>\n\t\t\t\t\t<\/div>\n\t\t<\/div>\n\t\t\t\t<div class=\"aux-parallax-section elementor-column elementor-col-50 elementor-top-column elementor-element elementor-element-dd44cd4\" data-id=\"dd44cd4\" data-element_type=\"column\" data-e-type=\"column\">\n\t\t\t<div class=\"elementor-widget-wrap elementor-element-populated\">\n\t\t\t\t\t\t<div class=\"elementor-element elementor-element-b9054c0 aux-appear-watch-animation aux-mask-from-left elementor-widget elementor-widget-aux_image\" data-id=\"b9054c0\" data-element_type=\"widget\" data-e-type=\"widget\" data-widget_type=\"aux_image.default\">\n\t\t\t\t<div class=\"elementor-widget-container\">\n\t\t\t\t\t<section class=\"widget-container aux-widget-image aux-alignnone aux-parent-au149d39fc\">\n    <div class=\"aux-media-hint-frame \">\n        <div class=\"aux-media-image \" >\n        \n            \n\n            \n            <img decoding=\"async\" width=\"1024\" height=\"1024\" src=\"https:\/\/xn--uasnuevomundo-ikb.cl\/wp-content\/uploads\/2020\/03\/IMG-2044-scaled-40x40.jpg\" class=\"aux-attachment aux-featured-image aux-attachment-id-397 aux-preload aux-has-preview\" alt=\"IMG-2044\" data-ratio=\"1\" data-original-w=\"2041\" sizes=\"auto\" data-srcset=\"https:\/\/xn--uasnuevomundo-ikb.cl\/wp-content\/uploads\/2020\/03\/IMG-2044-150x150.jpg 150w,https:\/\/xn--uasnuevomundo-ikb.cl\/wp-content\/uploads\/2020\/03\/IMG-2044-300x300.jpg 300w,https:\/\/xn--uasnuevomundo-ikb.cl\/wp-content\/uploads\/2020\/03\/IMG-2044-768x768.jpg 768w,https:\/\/xn--uasnuevomundo-ikb.cl\/wp-content\/uploads\/2020\/03\/IMG-2044-1024x1024.jpg 1024w,https:\/\/xn--uasnuevomundo-ikb.cl\/wp-content\/uploads\/2020\/03\/IMG-2044-scaled.jpg 1024w\" data-src=\"https:\/\/xn--uasnuevomundo-ikb.cl\/wp-content\/uploads\/2020\/03\/IMG-2044-scaled.jpg\" \/>            \n                <\/div>\n    <\/div>\n\n<\/section><!-- widget-container -->\t\t\t\t<\/div>\n\t\t\t\t<\/div>\n\t\t\t\t\t<\/div>\n\t\t<\/div>\n\t\t\t\t\t<\/div>\n\t\t<\/section>\n\t\t\t\t<\/div>\n\t\t","protected":false},"excerpt":{"rendered":"<p>U\u00d1AS NUEVO MUNDO Nails Shinsekai Sal\u00f3n de Manicure Nuevo Mundo nace por la necesidad de ofrecer un servicio de alta calidad a la comunidad. Queremos satisfacer las demandas de nuestros clientes, proporcionando un espacio acogedor y profesional donde puedan disfrutar de servicios de manicura excepcionales. En nuestro sal\u00f3n, nos esforzamos por crear un ambiente relajante [&hellip;]<\/p>\n","protected":false},"author":1,"featured_media":0,"parent":0,"menu_order":0,"comment_status":"closed","ping_status":"closed","template":"templates\/page-builder-content.php","meta":{"footnotes":""},"class_list":["post-216","page","type-page","status-publish","hentry"],"_links":{"self":[{"href":"https:\/\/xn--uasnuevomundo-ikb.cl\/index.php?rest_route=\/wp\/v2\/pages\/216","targetHints":{"allow":["GET"]}}],"collection":[{"href":"https:\/\/xn--uasnuevomundo-ikb.cl\/index.php?rest_route=\/wp\/v2\/pages"}],"about":[{"href":"https:\/\/xn--uasnuevomundo-ikb.cl\/index.php?rest_route=\/wp\/v2\/types\/page"}],"author":[{"embeddable":true,"href":"https:\/\/xn--uasnuevomundo-ikb.cl\/index.php?rest_route=\/wp\/v2\/users\/1"}],"replies":[{"embeddable":true,"href":"https:\/\/xn--uasnuevomundo-ikb.cl\/index.php?rest_route=%2Fwp%2Fv2%2Fcomments&post=216"}],"version-history":[{"count":17,"href":"https:\/\/xn--uasnuevomundo-ikb.cl\/index.php?rest_route=\/wp\/v2\/pages\/216\/revisions"}],"predecessor-version":[{"id":590,"href":"https:\/\/xn--uasnuevomundo-ikb.cl\/index.php?rest_route=\/wp\/v2\/pages\/216\/revisions\/590"}],"wp:attachment":[{"href":"https:\/\/xn--uasnuevomundo-ikb.cl\/index.php?rest_route=%2Fwp%2Fv2%2Fmedia&parent=216"}],"curies":[{"name":"wp","href":"https:\/\/api.w.org\/{rel}","templated":true}]}}